b/6 a multiple of 34?
False
Let w(x) = 218*x**3 - 12*x + 11. Let i be w(1). Let p = 266 - i. Is p a multiple of 30?
False
Suppose -4*s = -2*z - 10904, 14135 = 5*s - 2*z + 503. Does 20 divide s?
False
Suppose 4*o - 3*c - 15 = o, 0 = -c. Suppose o*x - 4498 = -4*r, -5*r - 278 + 2067 = 2*x. Is 82 a factor of x?
True
Let d(p) = 88*p - 196. Let a be (-42)/3*12/(-24). Does 21 divide d(a)?
True
Let q(z) = z**2 - 22. Let r(a) = -22*a + 34. Let w be r(2). Does 2 divide q(w)?
True
Let r be 3*2 + (49 + 1)/(-10). Suppose -228 = 4*t - 0*t - 2*m, 0 = -2*t + 5*m - 130. Does 15 divide r - -1 - (t - (2 - -1))?
True
Let r(w) = w**2 - 18*w - 5. Let u = -22 + 41. Let z be r(u). Suppose -10*q = -z*q + 440. Is 24 a factor of q?
False
Suppose -11*z + 138 = -5*z. Does 13 divide 4/(-2) + (z - 12) + 113?
False
Is (-642135)/(-13) - (8 + -6 + -7) a multiple of 95?
True
Let d(v) = -24*v - 39. Let i(p) = -p + 4. Let c(g) = g - 3. Let t(k) = -3*c(k) - 2*i(k). Let o(z) = d(z) - 5*t(z). Does 17 divide o(-5)?
True
Suppose -4*p + 62 = u, -72 - 10 = -u + p. Let v be (1 - 0) + u + 5. Suppose f = 5*f - v. Does 7 divide f?
True
Suppose -2*k + 3*w + 94 = -0*w, w = k - 49. Suppose 54*i - 1266 = k*i. Is i a multiple of 27?
False
Let v = 8539 + -1518. Is 23 a factor of v?
False
Let o be 7 - -3*1154/6. Suppose -18*u - 1778 = -21*u + 2*t, u = 5*t + o. Does 27 divide u?
True
Let u(k) be the second derivative of 2*k**4/3 - 4*k**3/3 - 4*k**2 - 5*k + 5. Is 44 a factor of u(4)?
True
Let j(g) = 8*g**2 - 8*g + 3. Let h be j(2). Suppose 5460 = -h*k + 29*k. Is 50 a factor of k?
False
Suppose -151 = 7*i - 11. Let t be (17/34)/((-2)/i). Suppose -151 = -2*p + 3*m, 86 = -3*p - t*m + 265. Is p a multiple of 17?
True
Suppose 0 = f + 5*f - 48. Suppose q = f + 17. Suppose 5*g - w - 53 = -4*w, 0 = -2*g - 5*w + q. Does 5 divide g?
True
Let k(a) = 2002*a**2 + 8*a - 14. Is 19 a factor of k(-6)?
True
Suppose -5*l + 6 + 284 = 0. Let r = l - 60. Is 8 a factor of (2*r)/(3*(-5)/165)?
False
Let t = 2678 - -421. Is t a multiple of 8?
False
Let s = 4211 + -3384. Is s a multiple of 13?
False
Let r(a) = 5*a**3 - 6*a**2 + a + 4. Let p(m) = 15*m**3 - 18*m**2 + 2*m + 13. Let c(h) = -2*p(h) + 7*r(h). Let z be -2*3/(-42)*21. Is c(z) a multiple of 10?
False
Let c(s) = 15 + 0*s**2 - s**2 + 6*s + 2*s - 3*s. Let o be c(7). Is 2 a factor of (2 + -8)*o/(-2)*3?
False
Let b(l) = -15*l + 38. Let k be b(2). Suppose -175*f = -174*f - k. Is f a multiple of 5?
False
Suppose 3*b - 803 = -188. Let u = b + -131. Suppose -l + u = l. Is 7 a factor of l?
False
Suppose p - 14261 = -3*f, 3*f - 9334 = 4*p - 66318. Is p a multiple of 8?
False
Let t(i) = 3*i**2 + 62*i + 1636. Does 21 divide t(-87)?
False
Let g = 75 + -22. Suppose 9*m = 19 + g. Let i(z) = z**3 - 6*z**2 - 7*z + 8. Is i(m) a multiple of 8?
True
Let w = -100 - -105. Suppose 6*x - 3*x - 198 = -3*s, -3*s + 206 = w*x. Does 17 divide s?
False
Suppose 0 = 25*j + 463 + 637. Let n = 153 + j. Does 6 divide n?
False
Let a be 24*(15/(-9) - -2). Suppose k - 3*k + 126 = 0. Suppose -k = -a*h + 7*h. Does 7 divide h?
True
Let f(u) = -u**3 - 5*u**2 - 11*u - 8. Let b be f(-6). Let a = 194 + b. Is a a multiple of 23?
False
Let k(g) = 8*g**2 + g + 1. Let u be k(-2). Suppose -5*t + 18 - 8 = -2*y, -2*y - 6 = -3*t. Suppose y = -35*s + u*s + 88. Is s a multiple of 5?
False
Let w be (-2996)/30 - -3*8/(-180). Let b = 100 + w. Is (1 - (2 + b))/((-4)/752) a multiple of 23?
False
Suppose -29*z + 2737 = -12*z. Let c = z + -111. Does 10 divide c?
True
Suppose 6*b = 4*d + 8*b + 54, -3*b = -2*d - 47. Does 22 divide ((-1540)/98 - d) + 710/14?
False
Suppose -13*g + 3*g + 80 = 0. Is 5 a factor of 15*(-9 - -13)*2/g?
True
Let c(h) be the second derivative of -64*h**3/3 - 5*h**2/2 + 257*h. Is c(-5) a multiple of 27?
False
Let k(g) = 42*g**2 - 10*g - 37. Is k(-17) a multiple of 53?
False
Suppose 14*d - 68763 = -28225 + 51330. Is 34 a factor of d?
True
Let i(x) = -x**3 - 13*x**2 - 2*x + 53. Let z be i(-13). Suppose -76*d - 828 = -z*d. Is 6 a factor of d?
True
Suppose 0 = 121*t - 129*t + 608. Let g = -3 - 1. Let s = t + g. Does 36 divide s?
True
Let v(i) be the second derivative of -15*i**3/2 - 18*i**2 + 5*i + 4. Does 12 divide v(-4)?
True
Let n(h) = 318*h + 1334. Is 6 a factor of n(36)?
False
Suppose -2184*t + 2179*t = -49415. Is t a multiple of 166?
False
Suppose -3042 = -3*t - 4*x, -5*t - 5*x - 503 + 5568 = 0. Does 34 divide t?
False
Suppose k - 20 = -2*d, k - 7*d + 2*d = -8. Suppose -945 = 7*o - k*o. Is o a multiple of 63?
True
Let s(k) be the first derivative of 13*k - 38 - 23/2*k**2 - 2/3*k**3 + 1/4*k**4. Does 48 divide s(9)?
False
Suppose -5*t + 9200 = 5*c, 16*t + 10*c - 6*c - 29392 = 0. Does 65 divide t?
False
Suppose 7*a - 1 + 1 = 0. Suppose a = -5*l + 6*l + 5*c - 918, 0 = -2*l - 2*c + 1804. Is l a multiple of 9?
False
Suppose -6*r - 2*h - 29 = -r, 5*r = -5*h - 20. Let p be 1 + (-57)/21 - (-2)/r. Is 10 a factor of ((-6)/(-4) + p)/(7/(-714))?
False
Suppose 0 = -95*h + 112*h - 11985. Suppose -2209*s + 2214*s - h = 0. Is s a multiple of 47?
True
Let d(w) = 181 - 16*w**3 + 30*w + 15*w**3 - 10*w - 41*w**2 + 2*w**3. Is 77 a factor of d(41)?
True
Let s(k) = -245*k + 806. Is 12 a factor of s(-16)?
False
Let b = -4723 - -23119. Is 28 a factor of b?
True
Let o(u) = 1390*u**3 + 108*u**2 - 218*u - 7. Does 3 divide o(2)?
True
Suppose -4*k + 39 = -1. Suppose 2*n = 3*d + k, 0*d - d = -4*n. Is 8 a factor of d*868/(-72) + (-4)/18?
True
Suppose -18*l + 20 = -13*l, -3*l - 3662 = -2*y. Does 15 divide y?
False
Let b = 2925 + -2929. Let c(f) = -2 + 2*f**2 + 1 + 5. Is 12 a factor of c(b)?
True
Suppose 7*v = 2*v + 5*s + 235, -5*v + 237 = -4*s. Suppose -696 = v*i - 51*i. Is i a multiple of 39?
False
Let a(y) = -2*y**2 - 18*y + 229. Let p be a(8). Suppose -4*l + 15 = -5*n + 87, 3*l + n = -73. Let c = l - p. Is c a multiple of 5?
True
Let z(a) = -a**2 - 13*a - 27. Let m be z(-3). Let r be (m/(3/1))/(2 + -3). Is 23 a factor of (-645 - r)*12/(-48)?
True
Let z = -4242 + 4846. Is 6 a factor of z?
False
Suppose -180 = -5*n + 5*m, -5*n + 3*n = -5*m - 60. Suppose 0 = 2*u - 320 - n. Is u a multiple of 6?
True
Suppose 0 = 104*x - 94*x + 40. Let f(k) = -4*k**3 - 4*k**2 - 21*k - 54. Is 39 a factor of f(x)?
False
Let l(p) = 10*p**3 + 3*p**2 - 8*p - 9. Let s(u) = 18*u**3 + 7*u**2 - 15*u - 18. Let n(j) = 7*l(j) - 4*s(j). Suppose 2*f + 4 = -6. Does 42 divide n(f)?
False
Let l(z) = 19*z**2 + 4*z - 7. Let a be l(-16). Suppose 6*p = a + 1615. Suppose -5*k + 1360 = 5*h, h + p = 5*k - k. Is k a multiple of 20?
False
Suppose 2183 = -0*f + 5*f - 157. Does 12 divide f?
True
Is 9 a factor of 82886/18 + -12*13/(-702)?
False
Let l = -2129 + 4900. Suppose -3*b + l = 827. Is 45 a factor of b?
False
Let i = 263 + -275. Let t(n) = -n + 1. Let b(j) = -3*j - 6. Let d(w) = 5*b(w) - 10*t(w). Does 9 divide d(i)?
False
Let r = 319 - 212. Suppose -2*t + w = -r, 0 = 3*t + 5*w - 205 + 64. Does 13 divide t?
True
Is (-12)/(-21) - (-10 - (-6152)/(-14)) a multiple of 10?
True
Let t(b) = -b**3 - 8*b**2 - 12*b + 2. Let y be t(-6). Suppose y*d = d - 1, -d + 787 = g. Suppose -280 = -c + 4*i, c + g = 4*c + i. Does 44 divide c?
True
Let w = 11292 + -1842. Is w a multiple of 25?
True
Suppose 2*b + 43014 = 8*c - 6*c, -3*b = -9. Does 90 divide c?
True
Suppose 0*l + 2*l - 3*f = -11, -4*f + 10 = -5*l. Suppose -5*y + 552 = -l*y. Is y a multiple of 23?
True
Let c = -1941 - -4988. Is 47 a factor of c?
False
Let k be (0 - -1)/((-3)/24). Let m = -1271 - -1267. Is 12 a factor of 70 - ((-3)/6 + m/k)?
False
Suppose 0 = 2*h + 43 - 61. Suppose h*m - m - 432 = 0. Is m a multiple of 6?
True
Let q(l) = 931*l**2 - 6*l - 59. Is q(-3) a multiple of 8?
False
Let g(h) = -2*h**3 + 56*h**2 - 9*h + 258. Is 6 a factor of g(28)?
True
Suppose 6*i - 5 - 1237 = 0. Suppose -537 = -i*z + 204*z. Is z a multiple of 37?
False
Suppose 2*n + 3*a - 3315 = 0, -17*a + 22*a = n - 1638. Is n a multiple of 87?
True
Let y(j) be the first derivative of j**3 - j**2 - 4*j - 62. Let p(u) = -2*u**2 + u - 1. Let q be p(1). Is 5 a factor of y(q)?
False
Is 11 a factor of 831 - (20/12 + -4)*3?
False
Let k(i) be the third derivative of -i**6/120 - i**5/6 + 5*i**4/12 + 25*i**3/6 + 10*i**2. Is 3 a factor of k(-11)?
True
Let g be 665/56 - 3/(-24). Suppose 0 = 16*f - 13*f - g. Suppose f*x = 5*r + 209 + 386, -x - r + 142 = 0. Does 29 divide x?
